actor of 22 and 16?
2
Calculate the highest common divisor of 13 and 2977.
13
What is the highest common factor of 29 and 29?
29
What is the greatest common factor of 352 and 2332?
44
What is the greatest common divisor of 71 and 142?
71
Calculate the highest common divisor of 80 and 1080.
40
What is the highest common divisor of 6910 and 10?
10
What is the highest common divisor of 204 and 20604?
204
Calculate the highest common divisor of 42 and 686.
14
What is the greatest common factor of 90 and 1400?
10
Calculate the greatest common divisor of 341 and 93.
31
What is the highest common factor of 55 and 15?
5
Calculate the highest common factor of 146 and 20513.
73
What is the highest common divisor of 9 and 576?
9
What is the greatest common factor of 50 and 20?
10
What is the highest common factor of 19 and 209?
19
Calculate the highest common divisor of 231 and 42.
21
Calculate the greatest common factor of 545 and 18966.
109
What is the greatest common divisor of 217 and 1?
1
What is the highest common divisor of 1029 and 21?
21
Calculate the greatest common factor of 516 and 12.
12
Calculate the highest common factor of 56 and 532.
28
Calculate the greatest common factor of 2408 and 112.
56
Calculate the highest common factor of 140 and 20.
20
Calculate the highest common factor of 297 and 37323.
99
What is the highest common factor of 1727 and 11?
11
Calculate the highest common factor of 4 and 52.
4
What is the highest common divisor of 11 and 869?
11
What is the greatest common factor of 66 and 30756?
66
What is the greatest common factor of 848 and 53?
53
Calculate the highest common divisor of 2160 and 36.
36
What is the greatest common divisor of 709 and 1?
1
What is the highest common factor of 4596 and 24?
12
What is the greatest common factor of 18 and 63?
9
What is the greatest common factor of 42 and 1785?
21
What is the highest common factor of 140 and 28?
28
What is the highest common divisor of 1440 and 888?
24
Calculate the highest common divisor of 8 and 86.
2
Calculate the greatest common divisor of 598 and 8188.
46
What is the highest common divisor of 90 and 390?
30
Calculate the highest common factor of 1287 and 126.
9
What is the highest common factor of 43 and 4429?
43
What is the highest common divisor of 280 and 440?
40
What is the greatest common divisor of 312 and 24?
24
Calculate the greatest common factor of 7 and 39.
1
Calculate the highest common factor of 3570 and 84.
42
Calculate the highest common divisor of 20 and 6310.
10
Calculate the highest common factor of 408 and 5848.
136
Calculate the greatest common divisor of 36 and 297.
9
Calculate the highest common factor of 98 and 154.
14
Calculate the highest common divisor of 688 and 16.
16
What is the greatest common divisor of 664 and 747?
83
What is the greatest common divisor of 35 and 5348?
7
Calculate the greatest common divisor of 128 and 320.
64
What is the highest common divisor of 21 and 13580?
7
What is the highest common factor of 2786 and 14?
14
What is the highest common factor of 2875 and 100?
25
What is the highest common divisor of 60 and 280?
20
Calculate the highest common divisor of 6050 and 50.
50
What is the highest common divisor of 20 and 14?
2
What is the greatest common divisor of 36 and 45?
9
What is the greatest common divisor of 48 and 168?
24
What is the greatest common divisor of 186 and 66?
6
Calculate the highest common divisor of 362 and 22.
2
Calculate the greatest common factor of 48 and 762.
6
Calculate the greatest common factor of 48 and 24.
24
What is the greatest common factor of 675 and 1323?
27
Calculate the greatest common factor of 744 and 96.
24
Calculate the greatest common factor of 2768 and 16.
16
Calculate the greatest common divisor of 5 and 5.
5
Calculate the highest common factor of 21 and 9.
3
Calculate the greatest common factor of 224 and 7.
7
What is the highest common divisor of 5670 and 27?
27
Calculate the highest common factor of 228 and 384.
12
Calculate the greatest common factor of 31 and 27373.
31
Calculate the highest common divisor of 297 and 132.
33
What is the greatest common factor of 15 and 5970?
15
What is the greatest common divisor of 3887 and 253?
23
Calculate the greatest common factor of 846 and 414.
18
What is the highest common divisor of 672 and 21?
21
What is the greatest common divisor of 6 and 6126?
6
What is the highest common factor of 32 and 2704?
16
Calculate the highest common factor of 2115 and 18.
9
Calculate the highest common divisor of 21 and 119.
7
Calculate the greatest common factor of 97 and 1261.
97
What is the highest common divisor of 27 and 1944?
27
Calculate the highest common divisor of 16 and 14.
2
Calculate the highest common factor of 387 and 43.
43
What is the highest common factor of 119 and 7?
7
What is the highest common factor of 561 and 132?
33
What is the greatest common divisor of 1692 and 4?
4
What is the highest common factor of 530 and 1007?
53
What is the highest common factor of 16 and 42256?
16
What is the greatest common divisor of 187 and 51?
17
What is the highest common factor of 5736 and 264?
24
What is the greatest common factor of 34 and 578?
34
What is the greatest common divisor of 240 and 3390?
30
Calculate the highest common divisor of 4844 and 28.
28
What is the greatest common factor of 3 and 189?
3
Calculate the greatest common factor of 6 and 129.
3
What is the highest common factor of 185 and 3626?
37
Calculate the greatest common factor of 11 and 30767.
11
Calculate the highest common divisor of 71 and 1.
1
Calculate the greatest common factor of 968 and 198.
22
Calculate the greatest common divisor of 26061 and 219.
219
Calculate the highest common factor of 68 and 1088.
68
Calculate the highest common factor of 12 and 492.
12
Calculate the greatest common factor of 192 and 12.
12
Calculate the greatest common factor of 528 and 66.
66
What is the greatest common divisor of 243 and 918?
27
What is the greatest common factor of 52 and 28?
4
Calculate the greatest common factor of 18876 and 264.
132
Calculate the highest common factor of 52 and 7228.
52
What is the highest common factor of 12 and 51?
3
What is the greatest common factor of 1778 and 14?
14
What is the highest common divisor of 13 and 8125?
13
What is the greatest common factor of 154 and 14828?
22
What is the highest common factor of 126 and 504?
126
What is the greatest common factor of 816 and 948?
12
Calculate the highest common factor of 10 and 620.
10
What is the highest common divisor of 854 and 658?
14
What is the greatest common factor of 6878 and 266?
38
Calculate the greatest common divisor of 147 and 805.
7
Calculate the highest common factor of 84 and 280.
28
Calculate the highest common divisor of 159 and 371.
53
Calculate the highest common divisor of 90 and 4770.
90
Calculate the highest common factor of 340 and 272.
68
Calculate the greatest common divisor of 15 and 705.
15
Calculate the highest common divisor of 2 and 42.
2
What is the highest common factor of 95 and 85?
5
Calculate the highest common divisor of 57 and 12.
3
Calculate the highest common factor of 864 and 54.
54
What is the highest common divisor of 168 and 1428?
84
Calculate the highest common factor of 100 and 20.
20
Calculate the greatest common divisor of 4018 and 147.
49
What is the greatest common factor of 9 and 7848?
9
What is the greatest common divisor of 105 and 705?
15
Calculate the greatest common divisor of 18 and 168.
6
Calculate the highest common divisor of 1369 and 37.
37
Calculate the greatest common divisor of 1939 and 21.
7
Calculate the highest common divisor of 3443 and 33.
11
Calculate the greatest common divisor of 42 and 686.
14
What is the highest common factor of 15 and 5?
5
What is the greatest common divisor of 258 and 430?
86
Calculate the highest common divisor of 16950 and 15.
15
Calculate the greatest common divisor of 330 and 4884.
66
What is the greatest common factor of 330 and 3696?
66
Calculate the greatest common divisor of 13 and 13611.
13
What is the greatest common factor of 30 and 36?
6
What is the greatest common divisor of 268 and 28?
4
What is the highest common divisor of 3 and 120?
3
Calculate the highest common divisor